Let x = -69 - s. Let m(u) = 7*u**2 - 8*u + 5. Let b(y) = -3*y**2 + y - 1. Let n(f) = 2*b(f) + m(f). Calculate n(x).
3
Let b(d) be the second derivative of -78 + d + 2/3*d**3 + 3/2*d**2. Give b(7).
31
Let g(o) = -1 + 6 - 4. Let k(x) = 2*x**2 - 6*x + 3. Let m(n) = 3*g(n) + k(n). Let u be (-4)/72*-69 + 7/42. What is m(u)?
14
Let k = -1655 + 1658. Let c(x) = 53*x - x**2 + 6 - 17*x - 18*x - 16*x. Calculate c(k).
3
Let y(w) = -7*w**3 + 83*w**2 + 21*w + 10. Let q(z) = -4*z**3 + 51*z**2 + 11*z + 5. Let r(p) = 5*q(p) - 3*y(p). Suppose -14 = c + c. Calculate r(c).
2
Let m(f) = -1 + 6*f**2 + 4 - f**3 + 3 + 5*f. Suppose 3*z + 3*g = 12, -5*z - 2 + 34 = g. Calculate m(z).
-8
Let w be (-16)/48 - (8/3 + -2). Let z(x) = -6 - 18*x + 1 + 6. Give z(w).
19
Let b(c) = c + 1. Suppose 3*f - 2*f + 2*i = 0, 4*i = 4*f - 48. Suppose -f*t = -3*t - 20. What is b(t)?
5
Let o = -59 - -55. Let p be (3/4)/(1*o/(-16)). Let z(m) = -1 + 6 + 4*m**3 - 6 + p*m**3. What is z(1)?
6
Let x be ((-88)/16 + 6)*(1 - 7). Let c be (x + 2)/(3 - (-66)/(-21)). Let l(y) = y + 4. Give l(c).
11
Let d(w) = -3*w**3 - w + 7. Let z(n) = -10*n**3 - 3*n + 22. Suppose 22*x - 9*x = 364. Suppose x*r = 27*r - 2. Let t(i) = r*z(i) + 7*d(i). Calculate t(0).
5
Let l(u) = -u**2 + 10*u - 4. Let i(c) = -c**2 - 19*c + 27. Let o be i(-19). Suppose 2*g = 4*x + 18, 2*x + x - o = -3*g. What is l(g)?
5
Suppose -5*j + 0*j + 1 = x, 0 = 4*x - j - 4. Suppose 2*n + 40 = 4*i, -3*i + 3*n = 2*i - 51. Let v(c) = -5*c - 9*c + i*c. What is v(x)?
-5
Let n(s) be the second derivative of 3*s**5/20 - 2*s**4/3 + 8*s**3/3 - 3*s**2 - 5144*s. Give n(2).
18
Let w(k) be the third derivative of k**6/120 - k**5/6 + 17*k**4/24 - 7*k**3/3 + 71*k**2 - k - 20. Determine w(7).
-42
Suppose 55*w - 16*w - 22*w = -51. Let z(t) = 33*t + 17. Determine z(w).
-82
Suppose -25 = 4*s - 501*n + 502*n, 5*s = 3*n - 27. Let t(c) = -c**2 - 6*c + 9. Give t(s).
9
Let x(w) = -2*w + 1. Let n(i) = i**2 - 12*i - 985. Let a be n(-26). Determine x(a).
-5
Let x(g) = 3*g - 10. Let f = -14 - -24. Let j be (16/(-48))/(5/(-165)). Suppose -3*n + f = -j. Calculate x(n).
11
Let l(u) = 31*u - 37*u - 4*u**2 - u + 5 - u**3 + 2*u**3. Give l(4).
-23
Let h be (-2 - 3)*36/(-180). Let w(z) = -24*z - 1. What is w(h)?
-25
Let n(t) = -t**2 - 5*t + 1. Let u(s) = -s + 24. Let p be u(14). Suppose 4*d = -p*h + 7*h - 18, 18 = -3*h - 5*d. Determine n(h).
-5
Suppose -35*a - 29*a = -197 + 1093. Let z(u) = -u**3 - 15*u**2 - 8*u + 16. Calculate z(a).
-68
Let z = 77 + -77. Let b(d) = 3 + d**2 + z + 321*d + 0 - 325*d. What is b(6)?
15
Let y(g) = -81562*g**2 - 81568*g**2 + 163131*g**2 - 12*g + 22. What is y(8)?
-10
Suppose -40 = -4741*y + 4731*y. Let d(t) = 6*t - 13. Calculate d(y).
11
Let s = -714 - -723. Let w(x) be the first derivative of x**4/4 - 8*x**3/3 - 11*x**2/2 + 4*x - 48. Calculate w(s).
-14
Suppose -31*r + 1340 = -202*r + 3734. Let z(n) = -28*n + 399. Calculate z(r).
7
Let r be (-6 + 177/15 - 6)*-10 - -14. Let m(s) be the first derivative of -r - 1/4*s**4 + 1/2*s**2 - 8/3*s**3 + 9*s. Calculate m(-8).
1
Let q(j) = -39*j - 4333. Let y be q(-111). Let i(p) be the third derivative of -p**6/120 - p**5/20 + p**4/8 + 2*p**3/3 + 2*p**2. What is i(y)?
8
Let m(o) = -2*o**3 - 197764*o**2 + 197807*o**2 - 42*o + 3*o**3 + 77. Determine m(-44).
-11
Let l be (2 - 11/4)/(2/80). Let b = l - -32. Let i(k) = -b*k**2 + 1124 - 1123 - 11*k**2. Give i(1).
-12
Let s = 3 - 2. Suppose 45 = 162*g - 159*g. Let w(o) = 45 - 5*o - g - 30 + 22*o. Determine w(s).
17
Let x(o) = o**3 + o**2 + 2*o - 1. Let l be (-442)/(-2) - (9 - (-14)/(-2)). Suppose l = -5*k + 209. Calculate x(k).
-9
Suppose -17852 = 74*c - 18370. Let k(v) = -2 - 3 - v**2 + 2*v + 4*v. Calculate k(c).
-12
Let d(u) = -2 - 481*u**2 + u + 954*u**2 - 4*u - 474*u**2. Let c(a) = a - 11. Let n be c(9). Determine d(n).
0
Let p(d) = 11*d + 20*d - 30*d + 4 - 5 + 0. Suppose -2*o + 7*o + 20 = -j, -3*o - 4*j - 12 = 0. Determine p(o).
-5
Let y(g) = -6 - 59*g**2 + 2546*g**3 - 7644*g**3 + 9*g + 2550*g**3 + 2542*g**3. Give y(-10).
4
Let h(b) = -b**3 + 5*b**2 - 2*b. Let s(x) = x + 1 - 4*x - 3*x**2 + x**3 - 17*x + 3. Let f be s(7). Suppose 15*v = 3*v + f. Give h(v).
-10
Let o(d) = 2*d + 12. Let v(x) be the first derivative of x**2/2 + 11*x + 13. Let y(b) = 3*o(b) - 4*v(b). Suppose 0 = 31*c - 36*c + 30. What is y(c)?
4
Let o = 19590 - 19580. Let r(g) be the first derivative of -1/2*g**4 + 3/2*g**2 - o - g + 1/3*g**3. Give r(2).
-7
Let u(z) = 2*z**2 - 7*z - 9. Let o be ((-3)/(-18) - ((-25)/30 - -7)) + 12. Determine u(o).
21
Let l(y) = -13. Let z(x) = 4*x - 57. Let s(p) = -6*l(p) + z(p). What is s(-10)?
-19
Let w(a) = -9*a**2 + 40*a - 37. Let x(h) = 4*h**2 - 20*h + 18. Let o(z) = 2*w(z) + 5*x(z). Determine o(8).
-16
Let l(d) = d**3 - 8*d**2 + 3*d - 24. Let v = -13047 - -13055. Determine l(v).
0
Suppose 11*g + o = 15*g + 36, -52 = 4*g - 5*o. Let c(i) = 11*i + 2. Let q(r) = 10*r + 3. Let n(b) = -5*c(b) + 6*q(b). Calculate n(g).
-32
Let u be (32/(-176) + 48/22)/1. Let b(g) = -57*g**3 - 1 + 4*g**2 - 2*g**u + 51*g**3. Determine b(-1).
7
Let x(a) = 2*a**2 - 30*a - 40. Let m be ((-210)/(-150) - (-602)/(-30))*(-18)/21. Determine x(m).
-8
Let d(u) = 35*u - 3159. Let v be d(90). Let h(r) = r**2 + 12*r + 21. Give h(v).
-6
Let h(s) = 3*s - 4. Let l(o) = 4*o + 6. Let v(b) = -4*b - 4. Let n(z) = 5*l(z) + 6*v(z). Let q(p) = -5*h(p) - 4*n(p). Calculate q(6).
2
Let b(o) = 106 + 8*o**2 + o - 7*o**2 - 8*o - 279 - 361. Calculate b(27).
6
Let w(t) = -30*t**2 - 178*t + 23. Let l be w(-6). Let i be (10 - 1) + 0/1. Let g(b) = i + 4 - l + b. Give g(0).
2
Let b(n) be the second derivative of n**4/12 + 3*n**3/2 - 3*n**2 - 7*n. Suppose -135*k - 82 = 8*v - 134*k, v + 8 = k. Calculate b(v).
4
Let i(f) = f**3 - 10*f**2 + f - 10. Suppose y = -19*m + 184, m + 8*y - 3*y + 20 = 0. What is i(m)?
0
Let u(x) = -143*x + 1149. Suppose -29*m - 62*m - 6*m = -776. What is u(m)?
5
Let d(k) be the second derivative of 10*k**3/3 + 361*k**2/2 + 4265*k. Give d(-18).
1
Let w be ((-2)/4)/(2/12). Let a(z) = -479*z - 20 + 957*z - 479*z - 12 + 23. Give a(w).
-6
Let l(d) be the first derivative of -3*d**2/2 + 3*d + 1274. Determine l(-2).
9
Let f be 8/(-14)*(-42)/12. Let s(h) = 4*h**3 + 0*h**2 - 2*h**2 + h**f. What is s(-1)?
-5
Let h(f) = -f**3 + 11*f**2 - 30*f + 2. Suppose 3*x + a + 116 = 121, -5*x + 3*a + 41 = 0. Calculate h(x).
-6
Let z(w) = -3*w + 1. Suppose 10*f - 11*f - 187 = 0. Let g = f - -189. Give z(g).
-5
Let k(l) be the first derivative of l**4/24 - l**3/2 + 261*l**2/2 - 146. Let o(p) be the second derivative of k(p). Calculate o(-16).
-19
Let v be -98*(8 + (-34)/4). Let y = 84 - 31. Let b = v - y. Let o(x) = x**3 + 5*x**2 + 6*x + 3. Give o(b).
-5
Let d(x) = x + 7. Let k be d(-3). Let q(t) = -16*t - 5 + 9*t + 11*t. Calculate q(k).
11
Suppose -l + 25 - 4 = -3*z, -3*l = -4*z - 28. Let q(x) be the second derivative of -x**4/12 - x**3 + 3*x**2 - 61309*x + 2. Determine q(z).
-1
Let d(y) = 12*y**2 + 5*y. Let m(t) = -9*t**2 - 3*t + 2. Let z(l) = 28*l**2 + 9*l - 7. Let x(i) = 14*m(i) + 4*z(i). Let j(p) = 5*d(p) + 4*x(p). What is j(2)?
18
Let f(u) = 241*u + 1459. Let i be f(-6). Let t(k) be the first derivative of 1/2*k**2 + i - 2*k. Determine t(-4).
-6
Let n(d) be the second derivative of d**5/20 + d**4/4 + d**3/3 + d**2/2 - 3*d. Let j be (24/(-32))/((-14)/16 + 1). Let r be j/(-8)*-6*(-6)/(-9). Give n(r).
-5
Let i(t) = -2*t - 35. Let y = -234 + 200. Let p = y - -16. What is i(p)?
1
Suppose 0 = -3*m + 12*m - 54. Let v(i) = -11 + i**3 - 15 + m. Give v(0).
-20
Let k(b) = -15 + 49 - 2*b - 25. Let y = -114 + 118. Give k(y).
1
Let u(t) be the first derivative of -t**3/3 + 8*t - 1553. Give u(0).
8
Let b(z) be the third derivative of -z**5/20 - z**4/12 + z**3/6 + z**2. Suppose 4*q - 36 = 0, -14*s + 5*q = -7*s + 66. Determine b(s).
-20
Let s(b) = -2 + 196117*b**2 + 3*b - 13*b - 196118*b**2. What is s(-11)?
-13
Let u(n) = 1 - 5*n - n**3 + 0*n + 3*n**3 - 2*n**2 + 4*n + 2*n. Give u(1).
2
Let j(r) be the second derivative of -r**4/6 + 13*r**3/6 + 40*r**2 + 79*r. Let b be j(10). Let x(n) = -n**2 + 11*n - 7. What is x(b)?
3
Suppose -t + 3*m + 9 = -0*m, 4*t + m + 29 = 0. Let h(p) = -p**3 - 8*p**2 - 12*p - 5. Give h(t).
-5
Let w(k) be the first derivative of -5*k**2/2 - 68*k + 717. What is w(-15)?
7
Let h(r) be the first derivative of -r**2/2 